[INFO] fetching crate sentry 0.19.0...
[INFO] checking sentry-0.19.0 against master#cfbc6d4cf1acbac5c025acf8ed68929caa551df3 for pr-75494-beta
[INFO] extracting crate sentry 0.19.0 into /workspace/builds/worker-2/source
[INFO] validating manifest of crates.io crate sentry 0.19.0 on toolchain cfbc6d4cf1acbac5c025acf8ed68929caa551df3
[INFO] running `Command { std: "/workspace/cargo-home/bin/cargo" "+cfbc6d4cf1acbac5c025acf8ed68929caa551df3" "read-manifest" "--manifest-path" "Cargo.toml", kill_on_drop: false }`
[INFO] started tweaking crates.io crate sentry 0.19.0
[INFO] finished tweaking crates.io crate sentry 0.19.0
[INFO] tweaked toml for crates.io crate sentry 0.19.0 written to /workspace/builds/worker-2/source/Cargo.toml
[INFO] crate crates.io crate sentry 0.19.0 already has a lockfile, it will not be regenerated
[INFO] running `Command { std: "/workspace/cargo-home/bin/cargo" "+cfbc6d4cf1acbac5c025acf8ed68929caa551df3" "fetch" "--locked" "--manifest-path" "Cargo.toml", kill_on_drop: false }`
[INFO] [stderr]     Blocking waiting for file lock on package cache
[INFO] [stderr]  Downloading crates ...
[INFO] [stderr]   Downloaded sentry-slog v0.19.0
[INFO] [stderr]   Downloaded scoped-tls-hkt v0.1.2
[INFO] [stderr]   Downloaded isahc v0.9.4
[INFO] [stderr]   Downloaded tracing v0.1.15
[INFO] [stderr]   Downloaded sentry-error-chain v0.19.0
[INFO] [stderr]   Downloaded wepoll-binding v2.0.2
[INFO] [stderr]   Downloaded tracing-attributes v0.1.8
[INFO] [stderr]   Downloaded smol v0.1.12
[INFO] [stderr]   Downloaded piper v0.1.3
[INFO] [stderr]   Downloaded curl v0.4.29
[INFO] [stderr]   Downloaded kv-log-macro v1.0.6
[INFO] [stderr]   Downloaded cookie v0.14.1
[INFO] [stderr]   Downloaded sentry-anyhow v0.19.0
[INFO] [stderr]   Downloaded sentry-debug-images v0.19.0
[INFO] [stderr]   Downloaded sentry-contexts v0.19.0
[INFO] [stderr]   Downloaded async-h1 v2.0.2
[INFO] [stderr]   Downloaded async-std v1.6.1
[INFO] [stderr]   Downloaded curl-sys v0.4.31+curl-7.70.0
[INFO] [stderr]   Downloaded surf v2.0.0-alpha.4
[INFO] [stderr]   Downloaded wepoll-sys v2.0.0
[INFO] [stderr]   Downloaded sentry-log v0.19.0
[INFO] [stderr]   Downloaded byte-pool v0.2.1
[INFO] [stderr]   Downloaded infer v0.1.6
[INFO] [stderr]   Downloaded http-types v2.2.0
[INFO] [stderr]   Downloaded http-client v3.0.0
[INFO] running `Command { std: "docker" "create" "-v" "/var/lib/crater-agent-workspace/builds/worker-2/target:/opt/rustwide/target:rw,Z" "-v" "/var/lib/crater-agent-workspace/builds/worker-2/source:/opt/rustwide/workdir:ro,Z" "-v" "/var/lib/crater-agent-workspace/cargo-home:/opt/rustwide/cargo-home:ro,Z" "-v" "/var/lib/crater-agent-workspace/rustup-home:/opt/rustwide/rustup-home:ro,Z" "-e" "SOURCE_DIR=/opt/rustwide/workdir" "-e" "CARGO_TARGET_DIR=/opt/rustwide/target" "-e" "CARGO_HOME=/opt/rustwide/cargo-home" "-e" "RUSTUP_HOME=/opt/rustwide/rustup-home" "-w" "/opt/rustwide/workdir" "-m" "1610612736" "--user" "0:0" "--network" "none" "rustops/crates-build-env@sha256:a636fd89d022f18117e1dc8fb37a0a009933cdbbe082814857f0e2024962d47c" "/opt/rustwide/cargo-home/bin/cargo" "+cfbc6d4cf1acbac5c025acf8ed68929caa551df3" "metadata" "--no-deps" "--format-version=1", kill_on_drop: false }`
[INFO] [stdout] e79b42bc0a0fda92c1ac823a7159fc484115c942e62f46b712d2523ef18b1477
[INFO] [stderr] WARNING: Your kernel does not support swap limit capabilities or the cgroup is not mounted. Memory limited without swap.
[INFO] running `Command { std: "docker" "start" "-a" "e79b42bc0a0fda92c1ac823a7159fc484115c942e62f46b712d2523ef18b1477", kill_on_drop: false }`
[INFO] running `Command { std: "docker" "inspect" "e79b42bc0a0fda92c1ac823a7159fc484115c942e62f46b712d2523ef18b1477", kill_on_drop: false }`
[INFO] running `Command { std: "docker" "rm" "-f" "e79b42bc0a0fda92c1ac823a7159fc484115c942e62f46b712d2523ef18b1477", kill_on_drop: false }`
[INFO] [stdout] e79b42bc0a0fda92c1ac823a7159fc484115c942e62f46b712d2523ef18b1477
[INFO] running `Command { std: "docker" "create" "-v" "/var/lib/crater-agent-workspace/builds/worker-2/target:/opt/rustwide/target:rw,Z" "-v" "/var/lib/crater-agent-workspace/builds/worker-2/source:/opt/rustwide/workdir:ro,Z" "-v" "/var/lib/crater-agent-workspace/cargo-home:/opt/rustwide/cargo-home:ro,Z" "-v" "/var/lib/crater-agent-workspace/rustup-home:/opt/rustwide/rustup-home:ro,Z" "-e" "SOURCE_DIR=/opt/rustwide/workdir" "-e" "CARGO_TARGET_DIR=/opt/rustwide/target" "-e" "CARGO_INCREMENTAL=0" "-e" "RUST_BACKTRACE=full" "-e" "RUSTFLAGS=--cap-lints=forbid" "-e" "CARGO_HOME=/opt/rustwide/cargo-home" "-e" "RUSTUP_HOME=/opt/rustwide/rustup-home" "-w" "/opt/rustwide/workdir" "-m" "1610612736" "--user" "0:0" "--network" "none" "rustops/crates-build-env@sha256:a636fd89d022f18117e1dc8fb37a0a009933cdbbe082814857f0e2024962d47c" "/opt/rustwide/cargo-home/bin/cargo" "+cfbc6d4cf1acbac5c025acf8ed68929caa551df3" "check" "--frozen" "--all" "--all-targets" "--message-format=json", kill_on_drop: false }`
[INFO] [stdout] fe47b8378c43c2b14bfd3d5fb357ee5a896f6d0f138de150f3bd67ec57a265c2
[INFO] [stderr] WARNING: Your kernel does not support swap limit capabilities or the cgroup is not mounted. Memory limited without swap.
[INFO] running `Command { std: "docker" "start" "-a" "fe47b8378c43c2b14bfd3d5fb357ee5a896f6d0f138de150f3bd67ec57a265c2", kill_on_drop: false }`
[INFO] [stderr]     Checking cfg-if v0.1.10
[INFO] [stderr]    Compiling syn v1.0.31
[INFO] [stderr]    Compiling memchr v2.3.3
[INFO] [stderr]    Compiling version_check v0.9.2
[INFO] [stderr]     Checking lazy_static v1.4.0
[INFO] [stderr]    Compiling serde v1.0.112
[INFO] [stderr]    Compiling getrandom v0.1.14
[INFO] [stderr]     Checking itoa v0.4.6
[INFO] [stderr]    Compiling log v0.4.8
[INFO] [stderr]     Checking matches v0.1.8
[INFO] [stderr]    Compiling cc v1.0.54
[INFO] [stderr]    Compiling pkg-config v0.3.17
[INFO] [stderr]    Compiling ryu v1.0.5
[INFO] [stderr]     Checking futures-core v0.3.5
[INFO] [stderr]     Checking percent-encoding v2.1.0
[INFO] [stderr]     Checking bytes v0.5.4
[INFO] [stderr]    Compiling pin-project-internal v0.4.22
[INFO] [stderr]     Checking pin-project-lite v0.1.7
[INFO] [stderr]    Compiling openssl v0.10.29
[INFO] [stderr]    Compiling native-tls v0.2.4
[INFO] [stderr]     Checking regex-syntax v0.6.18
[INFO] [stderr]     Checking futures-io v0.3.5
[INFO] [stderr]     Checking object v0.20.0
[INFO] [stderr]     Checking futures-sink v0.3.5
[INFO] [stderr]     Checking rustc-demangle v0.1.16
[INFO] [stderr]     Checking pin-utils v0.1.0
[INFO] [stderr]     Checking openssl-probe v0.1.2
[INFO] [stderr]    Compiling failure_derive v0.1.8
[INFO] [stderr]     Checking try-lock v0.2.2
[INFO] [stderr]    Compiling encoding_rs v0.8.23
[INFO] [stderr]     Checking tower-service v0.3.0
[INFO] [stderr]     Checking match_cfg v0.1.0
[INFO] [stderr]     Checking dtoa v0.4.6
[INFO] [stderr]     Checking base64 v0.12.2
[INFO] [stderr]     Checking httpdate v0.3.2
[INFO] [stderr]    Compiling num-traits v0.2.12
[INFO] [stderr]    Compiling num-integer v0.1.43
[INFO] [stderr]    Compiling indexmap v1.4.0
[INFO] [stderr]     Checking unicode-bidi v0.3.4
[INFO] [stderr]     Checking thread_local v1.0.1
[INFO] [stderr]     Checking futures-channel v0.3.5
[INFO] [stderr]     Checking futures-task v0.3.5
[INFO] [stderr]     Checking miniz_oxide v0.3.7
[INFO] [stderr]     Checking http v0.2.1
[INFO] [stderr]    Compiling proc-macro2 v1.0.18
[INFO] [stderr]     Checking typenum v1.12.0
[INFO] [stderr]    Compiling unicase v2.6.0
[INFO] [stderr]    Compiling im v14.3.0
[INFO] [stderr]     Checking bitflags v1.2.1
[INFO] [stderr]     Checking iovec v0.1.4
[INFO] [stderr]     Checking net2 v0.2.34
[INFO] [stderr]     Checking socket2 v0.3.12
[INFO] [stderr]     Checking uname v0.1.1
[INFO] [stderr]     Checking hostname v0.3.1
[INFO] [stderr]     Checking idna v0.2.0
[INFO] [stderr]    Compiling sentry-contexts v0.19.0
[INFO] [stderr]     Checking want v0.3.0
[INFO] [stderr]     Checking rand_core v0.5.1
[INFO] [stderr]     Checking aho-corasick v0.7.10
[INFO] [stderr]     Checking mio v0.6.22
[INFO] [stderr]    Compiling quote v1.0.7
[INFO] [stderr]     Checking rand_chacha v0.2.2
[INFO] [stderr]     Checking rand_xoshiro v0.4.0
[INFO] [stderr]     Checking bitmaps v2.1.0
[INFO] [stderr]    Compiling mime_guess v2.0.3
[INFO] [stderr]     Checking rand v0.7.3
[INFO] [stderr]     Checking tokio v0.2.21
[INFO] [stderr]    Compiling openssl-sys v0.9.58
[INFO] [stderr]     Checking http-body v0.3.1
[INFO] [stderr]     Checking regex v1.3.9
[INFO] [stderr]     Checking sized-chunks v0.5.3
[INFO] [stderr]     Checking backtrace v0.3.49
[INFO] [stderr]     Checking tokio-util v0.3.1
[INFO] [stderr]     Checking tokio-tls v0.3.1
[INFO] [stderr]    Compiling synstructure v0.12.4
[INFO] [stderr]    Compiling serde_derive v1.0.112
[INFO] [stderr]    Compiling thiserror-impl v1.0.20
[INFO] [stderr]     Checking failure v0.1.8
[INFO] [stderr]     Checking thiserror v1.0.20
[INFO] [stderr]     Checking pin-project v0.4.22
[INFO] [stderr]     Checking futures-util v0.3.5
[INFO] [stderr]     Checking h2 v0.2.5
[INFO] [stderr]     Checking hyper v0.13.6
[INFO] [stderr]     Checking url v2.1.1
[INFO] [stderr]     Checking serde_json v1.0.55
[INFO] [stderr]     Checking uuid v0.8.1
[INFO] [stderr]     Checking chrono v0.4.11
[INFO] [stderr]     Checking debugid v0.7.2
[INFO] [stderr]     Checking hyper-tls v0.4.1
[INFO] [stderr]     Checking serde_urlencoded v0.6.1
[INFO] [stderr]     Checking sentry-types v0.19.0
[INFO] [stderr]     Checking reqwest v0.10.6
[INFO] [stderr]     Checking sentry-core v0.19.0
[INFO] [stderr]     Checking sentry-backtrace v0.19.0
[INFO] [stderr]     Checking sentry-panic v0.19.0
[INFO] [stderr]     Checking sentry-failure v0.19.0
[INFO] [stderr]     Checking sentry v0.19.0 (/opt/rustwide/workdir)
[INFO] [stdout] error[E0463]: can't find crate for `error_chain_`
[INFO] [stdout]  --> examples/error-chain-demo.rs:2:1
[INFO] [stdout]   |
[INFO] [stdout] 2 | extern crate error_chain_;
[INFO] [stdout]   | ^^^^^^^^^^^^^^^^^^^^^^^^^^ can't find crate
[INFO] [stdout] 
[INFO] [stdout] 
[INFO] [stdout] error: aborting due to previous error
[INFO] [stdout] 
[INFO] [stdout] 
[INFO] [stdout] For more information about this error, try `rustc --explain E0463`.
[INFO] [stdout] 
[INFO] [stderr] error: could not compile `sentry`.
[INFO] [stderr] 
[INFO] [stderr] To learn more, run the command again with --verbose.
[INFO] [stderr] warning: build failed, waiting for other jobs to finish...
[INFO] [stdout] error[E0433]: failed to resolve: use of undeclared type or module `tokio`
[INFO] [stdout]  --> tests/test_async.rs:2:3
[INFO] [stdout]   |
[INFO] [stdout] 2 | #[tokio::test]
[INFO] [stdout]   |   ^^^^^ use of undeclared type or module `tokio`
[INFO] [stdout] 
[INFO] [stdout] 
[INFO] [stdout] error[E0432]: unresolved import `failure`
[INFO] [stdout]  --> examples/failure-demo.rs:1:5
[INFO] [stdout]   |
[INFO] [stdout] 1 | use failure::Fail;
[INFO] [stdout]   |     ^^^^^^^ use of undeclared type or module `failure`
[INFO] [stdout] 
[INFO] [stdout] 
[INFO] [stdout] error[E0432]: unresolved import `failure_`
[INFO] [stdout]  --> examples/failure-demo.rs:2:5
[INFO] [stdout]   |
[INFO] [stdout] 2 | use failure_ as failure;
[INFO] [stdout]   |     ^^^^^^^^^^^^^^^^^^^ no `failure_` external crate
[INFO] [stdout] 
[INFO] [stdout] 
[INFO] [stdout] error: cannot determine resolution for the derive macro `Fail`
[INFO] [stdout]  --> examples/failure-demo.rs:5:10
[INFO] [stdout]   |
[INFO] [stdout] 5 | #[derive(Fail, Debug)]
[INFO] [stdout]   |          ^^^^
[INFO] [stdout]   |
[INFO] [stdout]   = note: import resolution is stuck, try simplifying macro imports
[INFO] [stdout] 
[INFO] [stdout] 
[INFO] [stdout] error: cannot find attribute `fail` in this scope
[INFO] [stdout]  --> examples/failure-demo.rs:6:3
[INFO] [stdout]   |
[INFO] [stdout] 6 | #[fail(display = "An error occurred with error code {}. ({})", code, message)]
[INFO] [stdout]   |   ^^^^
[INFO] [stdout] 
[INFO] [stdout] 
[INFO] [stdout] error[E0432]: unresolved import `log_`
[INFO] [stdout]  --> examples/thread-demo.rs:1:5
[INFO] [stdout]   |
[INFO] [stdout] 1 | use log_ as log;
[INFO] [stdout]   |     ^^^^^^^^^^^ no `log_` external crate
[INFO] [stdout] 
[INFO] [stdout] 
[INFO] [stdout] error: cannot determine resolution for the macro `log::info`
[INFO] [stdout]   --> examples/thread-demo.rs:25:5
[INFO] [stdout]    |
[INFO] [stdout] 25 |     log::info!("Spawning thread");
[INFO] [stdout]    |     ^^^^^^^^^
[INFO] [stdout]    |
[INFO] [stdout]    = note: import resolution is stuck, try simplifying macro imports
[INFO] [stdout] 
[INFO] [stdout] 
[INFO] [stdout] error: cannot determine resolution for the macro `log::info`
[INFO] [stdout]   --> examples/thread-demo.rs:30:9
[INFO] [stdout]    |
[INFO] [stdout] 30 |         log::info!("Spawned thread, configuring scope.");
[INFO] [stdout]    |         ^^^^^^^^^
[INFO] [stdout]    |
[INFO] [stdout]    = note: import resolution is stuck, try simplifying macro imports
[INFO] [stdout] 
[INFO] [stdout] 
[INFO] [stdout] error: cannot determine resolution for the macro `log::error`
[INFO] [stdout]   --> examples/thread-demo.rs:47:17
[INFO] [stdout]    |
[INFO] [stdout] 47 |                 log::error!("Failing!");
[INFO] [stdout]    |                 ^^^^^^^^^^
[INFO] [stdout]    |
[INFO] [stdout]    = note: import resolution is stuck, try simplifying macro imports
[INFO] [stdout] 
[INFO] [stdout] 
[INFO] [stdout] error: aborting due to 4 previous errors
[INFO] [stdout] 
[INFO] [stdout] 
[INFO] [stdout] For more information about this error, try `rustc --explain E0432`.
[INFO] [stdout] 
[INFO] [stdout] error[E0432]: unresolved import `anyhow_`
[INFO] [stdout]  --> examples/anyhow-demo.rs:1:5
[INFO] [stdout]   |
[INFO] [stdout] 1 | use anyhow_ as anyhow;
[INFO] [stdout]   |     ^^^^^^^^^^^^^^^^^ no `anyhow_` external crate
[INFO] [stdout] 
[INFO] [stdout] 
[INFO] [stdout] error: aborting due to previous error
[INFO] [stdout] 
[INFO] [stdout] 
[INFO] [stdout] For more information about this error, try `rustc --explain E0433`.
[INFO] [stdout] 
[INFO] [stdout] error[E0433]: failed to resolve: use of undeclared type or module `pretty_env_logger`
[INFO] [stdout]  --> examples/thread-demo.rs:6:27
[INFO] [stdout]   |
[INFO] [stdout] 6 |     let mut log_builder = pretty_env_logger::formatted_builder();
[INFO] [stdout]   |                           ^^^^^^^^^^^^^^^^^ use of undeclared type or module `pretty_env_logger`
[INFO] [stdout] 
[INFO] [stdout] 
[INFO] [stdout] error[E0433]: failed to resolve: use of undeclared type or module `sentry_log`
[INFO] [stdout]  --> examples/thread-demo.rs:8:27
[INFO] [stdout]   |
[INFO] [stdout] 8 |     let log_integration = sentry_log::LogIntegration {
[INFO] [stdout]   |                           ^^^^^^^^^^ use of undeclared type or module `sentry_log`
[INFO] [stdout] 
[INFO] [stdout] 
[INFO] [stdout] error[E0433]: failed to resolve: use of undeclared type or module `sentry_anyhow`
[INFO] [stdout]   --> examples/anyhow-demo.rs:16:9
[INFO] [stdout]    |
[INFO] [stdout] 16 |         sentry_anyhow::capture_anyhow(&err);
[INFO] [stdout]    |         ^^^^^^^^^^^^^ use of undeclared type or module `sentry_anyhow`
[INFO] [stdout] 
[INFO] [stdout] 
[INFO] [stdout] error[E0432]: unresolved import `log_`
[INFO] [stdout]  --> examples/log-demo.rs:1:5
[INFO] [stdout]   |
[INFO] [stdout] 1 | use log_::{debug, error, info, warn};
[INFO] [stdout]   |     ^^^^ use of undeclared type or module `log_`
[INFO] [stdout] 
[INFO] [stdout] 
[INFO] [stdout] error: cannot determine resolution for the macro `debug`
[INFO] [stdout]   --> examples/log-demo.rs:17:5
[INFO] [stdout]    |
[INFO] [stdout] 17 |     debug!("System is booting");
[INFO] [stdout]    |     ^^^^^
[INFO] [stdout]    |
[INFO] [stdout]    = note: import resolution is stuck, try simplifying macro imports
[INFO] [stdout] 
[INFO] [stdout] 
[INFO] [stdout] error: cannot determine resolution for the macro `info`
[INFO] [stdout]   --> examples/log-demo.rs:18:5
[INFO] [stdout]    |
[INFO] [stdout] 18 |     info!("System is booting");
[INFO] [stdout]    |     ^^^^
[INFO] [stdout]    |
[INFO] [stdout]    = note: import resolution is stuck, try simplifying macro imports
[INFO] [stdout] 
[INFO] [stdout] 
[INFO] [stdout] error: cannot determine resolution for the macro `warn`
[INFO] [stdout]   --> examples/log-demo.rs:19:5
[INFO] [stdout]    |
[INFO] [stdout] 19 |     warn!("System is warning");
[INFO] [stdout]    |     ^^^^
[INFO] [stdout]    |
[INFO] [stdout]    = note: import resolution is stuck, try simplifying macro imports
[INFO] [stdout] 
[INFO] [stdout] 
[INFO] [stdout] error: cannot determine resolution for the macro `error`
[INFO] [stdout]   --> examples/log-demo.rs:20:5
[INFO] [stdout]    |
[INFO] [stdout] 20 |     error!("Holy shit everything is on fire!");
[INFO] [stdout]    |     ^^^^^
[INFO] [stdout]    |
[INFO] [stdout]    = note: import resolution is stuck, try simplifying macro imports
[INFO] [stdout] 
[INFO] [stdout] 
[INFO] [stdout] error[E0433]: failed to resolve: use of undeclared type or module `pretty_env_logger`
[INFO] [stdout]  --> examples/log-demo.rs:4:27
[INFO] [stdout]   |
[INFO] [stdout] 4 |     let mut log_builder = pretty_env_logger::formatted_builder();
[INFO] [stdout]   |                           ^^^^^^^^^^^^^^^^^ use of undeclared type or module `pretty_env_logger`
[INFO] [stdout] 
[INFO] [stdout] 
[INFO] [stdout] error[E0433]: failed to resolve: use of undeclared type or module `sentry_log`
[INFO] [stdout]  --> examples/log-demo.rs:7:9
[INFO] [stdout]   |
[INFO] [stdout] 7 |         sentry_log::LogIntegration::default().with_env_logger_dest(Some(log_builder.build()));
[INFO] [stdout]   |         ^^^^^^^^^^ use of undeclared type or module `sentry_log`
[INFO] [stdout] 
[INFO] [stdout] 
[INFO] [stdout] error: aborting due to 6 previous errors
[INFO] [stdout] 
[INFO] [stdout] 
[INFO] [stdout] Some errors have detailed explanations: E0432, E0433.
[INFO] [stdout] 
[INFO] [stdout] For more information about an error, try `rustc --explain E0432`.
[INFO] [stdout] 
[INFO] [stdout] error: aborting due to 2 previous errors
[INFO] [stdout] 
[INFO] [stdout] 
[INFO] [stdout] error: aborting due to 7 previous errors
[INFO] [stdout] 
[INFO] [stdout] 
[INFO] [stdout] Some errors have detailed explanations: E0432, E0433.
[INFO] [stdout] 
[INFO] [stdout] For more information about an error, try `rustc --explain E0432`.
[INFO] [stdout] 
[INFO] [stdout] Some errors have detailed explanations: E0432, E0433.
[INFO] [stdout] 
[INFO] [stdout] For more information about an error, try `rustc --explain E0432`.
[INFO] [stdout] 
[INFO] [stderr] error: build failed
[INFO] running `Command { std: "docker" "inspect" "fe47b8378c43c2b14bfd3d5fb357ee5a896f6d0f138de150f3bd67ec57a265c2", kill_on_drop: false }`
[INFO] running `Command { std: "docker" "rm" "-f" "fe47b8378c43c2b14bfd3d5fb357ee5a896f6d0f138de150f3bd67ec57a265c2", kill_on_drop: false }`
[INFO] [stdout] fe47b8378c43c2b14bfd3d5fb357ee5a896f6d0f138de150f3bd67ec57a265c2
